
Let p(z) = 3*z**2 - 6*z - 72. What is p(7)?
33
Let r(f) = -114*f**3 + 2*f**2 - 13*f + 11. What is r(1)?
-114
Let s(t) = -42*t - 82. What is s(-7)?
212
Let x(f) = -f**3 + 61*f**2 - 119*f - 42. Calculate x(59).
-101
Let m(h) = -20*h**3 + 240*h**2 - h + 20. What is m(12)?
8
Let u(i) = i**2 + 332*i - 4452. Determine u(13).
33
Let h(m) = -173*m - 1076. Give h(-6).
-38
Let k(i) = -141*i**2 + 22*i - 12. Determine k(-2).
-620
Let a(i) = -155*i - 1246. Give a(-8).
-6
Let j(s) = 85*s**2 + 792*s + 88. What is j(-9)?
-155
Let s(v) = -196*v - 1459. Calculate s(-6).
-283
Let n(o) = -o**2 - 67*o - 193. Calculate n(-3).
-1
Let y(k) = k**2 + 18*k - 41. Calculate y(-15).
-86
Let z(f) = 351*f + 33360. Give z(-95).
15
Let l(p) = -p**2 - 35*p + 28. Determine l(-32).
124
Let b(c) = 118*c - 10723. What is b(91)?
15
Let l(b) = -6*b**3 + 232*b**2 - 159*b - 35. Give l(38).
-301
Let g(b) = -b**3 + 11*b**2 - 26*b + 5. Give g(7).
19
Let b(z) = 2*z**3 + 86*z**2 + 77*z - 340. Give b(-42).
-46
Let h(q) = -6*q**2 + 339*q - 167. What is h(56)?
1
Let v(l) = -3*l**3 + 23*l**2 - 16*l. Give v(7).
-14
Let a(v) = 2*v**3 + 142*v**2 - 148*v - 302. Calculate a(-72).
-14
Let x(a) = a**3 - a**2 + a + 27. Calculate x(6).
213
Let m(n) = -1273*n + 2527. Give m(2).
-19
Let m(p) = 49*p + 1426. Determine m(-29).
5
Let v(r) = 4*r**2 + 3*r - 182. Determine v(7).
35
Let g(u) = -197*u - 5287. Determine g(-27).
32
Let s(h) = h**3 - 15*h**2 + 63*h - 9. Calculate s(0).
-9
Let l(f) = 4*f**3 + 66*f**2 - 11*f + 36. Calculate l(-17).
-355
Let g(l) = 282*l + 1260. What is g(-4)?
132
Let d(v) = -430*v + 4736. Calculate d(11).
6
Let b(j) = j**3 - 68*j**2 + 1059*j + 402. What is b(25)?
2
Let d(l) = l**3 + 8*l**2 + 64*l + 433. Calculate d(-9).
-224
Let c(r) = 123*r + 3407. What is c(-28)?
-37
Let v(m) = -3*m**2 + 154*m + 5625. Give v(76).
1
Let y(n) = -44*n + 234. What is y(6)?
-30
Let x(k) = -10*k + 835. Give x(45).
385
Let l(z) = -6*z**2 - 5*z + 35. Give l(5).
-140
Let a(b) = b**2 + 27*b + 248. What is a(-17)?
78
Let n(c) = c**2 + 40*c + 323. Determine n(-13).
-28
Let f(v) = -v**3 + 13*v**2 + 426*v - 158. Give f(28).
10
Let t(u) = -5*u**2 + 45*u + 164. What is t(0)?
164
Let n(p) = -25*p + 20. Determine n(4).
-80
Let w(j) = -2*j**2 - 51*j + 59. Give w(-10).
369
Let u(y) = 5*y**2 + 62*y - 10. Determine u(-13).
29
Let b(f) = -f**3 - 54*f**2 + 8*f - 255. Give b(-54).
-687
Let f(r) = -6*r**3 - 361*r**2 - 66*r - 353. Give f(-60).
7
Let y(g) = -59*g - 1785. What is y(-30)?
-15
Let s(h) = h**3 - 39*h**2 + 175*h - 169. Give s(34).
1
Let w(h) = -86*h**2 - 3099*h - 50. Determine w(-36).
58
Let z(a) = a**3 + 7*a**2 + 21*a + 110. Calculate z(-6).
20
Let l(z) = 2*z**2 - 4*z - 71. Give l(0).
-71
Let p(n) = n**3 - 11*n**2 - 47*n + 82. What is p(14)?
12
Let w(i) = -4*i**2 - 17*i + 47. Determine w(-7).
-30
Let c(b) = -2527*b - 113720. Give c(-45).
-5
Let y(s) = s**2 - 31*s - 233. Calculate y(-11).
229
Let r(f) = -f**3 + 39*f**2 + 265*f + 109. Calculate r(45).
-116
Let f(h) = 9*h + 729. What is f(-81)?
0
Let v(j) = 459*j**2 + 3*j - 1. Determine v(-1).
455
Let r(f) = -114*f - 1686. What is r(-15)?
24
Let p(l) = -32*l**2 + 17*l - 9. What is p(1)?
-24
Let s(w) = -13*w - 627. What is s(-63)?
192
Let h(a) = 2*a**2 + 69*a + 132. Give h(-30).
-138
Let x(b) = -79*b - 1272. Give x(-16).
-8
Let f(d) = -51*d + 33. Determine f(5).
-222
Let o(a) = -a**2 + 10*a + 398. What is o(26)?
-18
Let s(t) = -2*t**2 - 428*t + 3796. What is s(9)?
-218
Let d(v) = -1113*v**3 + 2*v**2 - v - 2. Give d(-1).
1114
Let h(c) = 56*c**2 - 4983*c - 86. Give h(89).
3
Let k(u) = -51*u**2 - 311*u - 4. Determine k(-6).
26
Let t(i) = i**3 + 112*i**2 - 196*i + 3677. Calculate t(-114).
29
Let g(k) = 3*k**2 - 5*k - 52. Give g(-4).
16
Let c(d) = -2*d**2 + 120*d - 209. Calculate c(58).
23
Let u(m) = -2*m**3 - 98*m**2 + 205*m + 81. What is u(-51)?
30
Let z(d) = 76*d - 1190. Determine z(16).
26
Let o(y) = -16*y**2 - 5*y + 6. What is o(3)?
-153
Let f(k) = -k**3 - 38*k**2 + 665*k - 16. Give f(13).
10
Let j(w) = -5*w**3 - 89*w**2 - 262*w - 13. Calculate j(-3).
107
Let q(m) = 2*m**2 - 37*m + 3. Calculate q(0).
3
Let o(h) = -343*h + 2305. Determine o(7).
-96
Let p(t) = -58*t - 291. Determine p(-5).
-1
Let s(t) = 139*t - 807. Calculate s(6).
27
Let j(l) = -15*l**2 - 50*l + 128. Calculate j(-5).
3
Let g(x) = -3*x - 152. Calculate g(-37).
-41
Let x(l) = 2*l**3 - 2*l**2 - 10*l + 14. What is x(1)?
4
Let w(j) = -178*j - 826. Determine w(-5).
64
Let q(g) = -623*g + 1865. What is q(3)?
-4
Let o(k) = -16*k**3 - k**2 + 6. What is o(4)?
-1034
Let n(t) = -8*t + 29. Give n(-4).
61
Let t(x) = -20*x + 357. Calculate t(25).
-143
Let b(k) = k**2 - 9*k - 104. Give b(-5).
-34
Let k(l) = -2*l**3 - 65*l**2 - 35*l - 96. What is k(-32)?
0
Let n(j) = 13*j**2 + 567*j + 1375. Determine n(-41).
-19
Let i(h) = -82*h**3 + 6*h**2 + 10*h + 3. Give i(-1).
81
Let d(i) = 52*i - 951. Determine d(18).
-15
Let w(d) = 21*d**3 + 3*d**2 - 3*d - 95. Give w(0).
-95
Let z(v) = v**3 + 6*v**2 - 17*v - 72. Calculate z(-7).
-2
Let n(k) = k**3 + 62*k**2 + 145*k - 1820. Determine n(-59).
68
Let x(t) = -294*t - 137890. Give x(-469).
-4
Let g(d) = d**3 - 33*d**2 + 36*d - 91. Calculate g(32).
37
Let i(c) = -c**3 - 70*c**2 - 159*c - 1567. Give i(-68).
-3
Let a(g) = 4*g**3 - 638*g**2 + 319*g - 159. Give a(159).
0
Let n(z) = -103*z - 2043. What is n(-20)?
17
Let s(b) = -b**3 + 19*b**2 - 3*b + 67. What is s(19)?
10
Let k(i) = i**2 - 2700*i + 16149. What is k(6)?
-15
Let m(j) = -3*j**3 - 51*j**2 + 13*j + 226. Give m(-17).
5
Let u(b) = -b**3 + 14*b**2 - 16*b + 18. Give u(13).
-21
Let h(g) = -5*g - 60. Give h(-13).
5
Let b(q) = 53*q - 1319. What is b(23)?
-100
Let z(g) = g**2 - 402*g - 9770. Give z(-23).
5
Let m(d) = -17435*d - 122039. Calculate m(-7).
6
Let g(y) = -156*y + 985. Determine g(6).
49
Let a(d) = -2*d**3 + 28*d**2 - 94*d + 32. What is a(5)?
12
Let f(y) = -9*y**2 - 55*y - 18. Give f(-5).
32
Let c(p) = 31*p - 1627. Calculate c(60).
233
Let q(f) = 467*f + 1413. Calculate q(-3).
12
Let m(c) = c**2 + 21*c + 124. Determine m(-14).
26
Let a(m) = -23*m**2 + m - 23. What is a(-5)?
-603
Let r(s) = s**3 + 86*s**2 + 243*s - 552. Give r(-83).
-54
Let z(f) = -11*f**2 - 67*f - 75. Determine z(-5).
-15
Let b(k) = k + 36. Calculate b(-32).
4
Let s(w) = -9756*w - 1. Calculate s(0).
-1
Let k(s) = -227*s**2 - 10670*s - 52. Determine k(-47).
-5
Let h(k) = 135*k - 368. Give h(4).
172
Let c(n) = -747*n + 5231. Determine c(7).
2
Let y(g) = -4*g**3 + 15*g**2 - 13*g + 14. Determine y(3).
2
Let i(h) = 2*h**2 + 86*h + 13. Give i(-40).
-227
Let h(t) = -315*t - 1311. Calculate h(-4).
-51
Let r(u) = u**3 + 47*u**2 - 344*u - 14207. What is r(-48)?
1
Let i(x) = -101*x**2 + 598*x + 17. Determine i(6).
-31
Let l(t) = -93*t - 4927. Calculate l(-53).
2
Let n(c) = -c**3 + 36*c**2 + 29*c + 287. What is n(37)?
-9
Let n(h) = 143*h + 4716. Give n(-33).
-3
Let i(c) = -3*c**2 + 8*c - 6. Determine i(3).
-9
Let d(r) = -2*r**3 - 84*r**2 - 851*r - 44. Determine d(-25).
-19
Let h(q) = 4*q**3 - 37*q**2 + 46*q - 32. What is h(8)?
16
Let g(q) = -12*q**2 + 46*q + 229. Determine g(7).
-37
Let y(t) = -33*t + 188. What is y(11)?
-175
Let x(g) = 63*g**2 - 11*g + 44. Calculate x(3).
578
Let a(b) = -76*b + 63. What is a(-3)?
291
Let d(s) = 4*s**2 + 125*s + 85. Give d(-31).
54
Let u(m) = -22*m**2 - 37*m - 3. Calculate u(-2).
-17
Let u(m) = 23*m - 718. Determine u(46).
340
Let t(j) = j**2 + 2*j - 6. Give t(-9).
57
Let p(i) = -62*i + 3119. Determine p(52).
-105
Let z(x) = -18*x - 185. Determine z(-8).
-41
Let c(i) = -2*i**3 - 35*i**2 + 65*i + 930. Determine c(-18).
84
Let t(y) = 2*y - 31. What is t(-11)?
-53
Let x(z) = 11*z + 186. What is x(-16)?
10
Let t(h) = -h**2 + 288*h + 17248. Determine t(-51).
-41
Let u(n) = 27*n - 350. Give u(13).
1
Let c(r) = 6*r**2 - 100*r - 45. What is c(21)?
501
Let o(j) = -3*j**2 + 11*j + 149. Calculate o(11).
-93
Let o(g) = 2*g**2 - 19*g + 25. What is o(1)?
8
Let a(y) = -46*y - 823. Give a(-19).
51
Let k(y) = -y**2 + 1586*y - 6326. Calculate k(4).
2
Let h(f) = -f**3 - 84*f**2 - 78*f + 405. Give h(-83).
-10
Let y(c) = 4*c**3 - c**2 + 44*c - 83. Determine y(2).
33
Let w(p) = 2*p**3 - 38*p**2 + 173*p + 40. Determine w(10).
-30
Let l(n) = 174*n + 1052. Give l(-6).
8
Let o(v) = -230*v - 5726. Give o(-25).
24
Let j(d) = -d**2 + 41*d - 185. Give j(5).
-5
Le